pose -r + 3*r - l = 0. Calculate the highest common divisor of 12 and r.
4
Let m(q) = q**2 + 5*q - 16. Let r(s) = s**2 - 9*s + 10. Let j be r(6). Let t be m(j). Let p be 348/22 - t/(-44). What is the highest common factor of p and 4?
4
Let v be (-1712)/(-18) + 63/(-567). Calculate the highest common factor of v and 57.
19
Let f(j) = -j**2 + 5*j. Let k be f(3). Let b(w) = 8*w + 12. Let s be b(k). What is the highest common divisor of s and 15?
15
Let r(i) = -i**3. Let k(s) = -s**3 - 7*s**2 - 6*s + 17. Let q(y) = -k(y) + 2*r(y). Let m be q(7). What is the greatest common divisor of m and 10?
5
Suppose 100 - 24 = 4*b. Let y = 37 - b. Calculate the greatest common factor of 45 and y.
9
Let n be (19/(76/170))/((-1)/(-2)). What is the greatest common divisor of n and 34?
17
Let j be 5/(-8)*(8 - 6)*-72. What is the highest common factor of j and 18?
18
Suppose -31 = -g - 5*k, 3*k = -5 + 20. Suppose 9 = 5*q - 56. Suppose -5*v = 5*d - 5, d - 5*v = 3*d + q. Calculate the greatest common factor of g and d.
6
Let f be (-9)/6*(-12)/9. Suppose f*x - 60 = -3*x. Let q = -203 - -233. Calculate the greatest common divisor of q and x.
6
Let v(o) = o + 2. Let k be v(7). Let t(u) = -5*u - 40*u**2 + 8 + 26*u**2 + 15*u**2. Let w be t(k). What is the highest common factor of 11 and w?
11
Let l(m) = 2*m**3 - 7*m**2 - 16*m + 33. Let p be l(6). Calculate the greatest common divisor of p and 91.
13
Let p(c) = -2*c**3 + c**2 - c + 2. Let a be p(-2). Suppose 18*l = -4*d + 15*l + 64, 3*d + 5*l - 48 = 0. Calculate the greatest common divisor of d and a.
8
Let b = 56 + -53. Let u be (2/(-6))/(3/(-216)*b). Calculate the greatest common divisor of u and 136.
8
Let q(b) = -2*b**2 + 26*b - 18. Let l be q(12). Calculate the highest common divisor of 10 and l.
2
Let u = 421 + -411. Let h = 4 - -6. Calculate the greatest common divisor of h and u.
10
Let k be 6/(-9) + 11/(132/1208). What is the highest common divisor of k and 10?
10
Let i(h) = 19*h - 5. Let n be i(5). Let y be (70/(-14) - -31) + 10. Calculate the highest common factor of y and n.
18
Let z = -3 - -5. Suppose 0 = 3*a + 4*f - 11, -14*a + 11*a - 2*f = -7. Let d be -28*(-1)/z*a. Calculate the greatest common divisor of d and 14.
14
Let i(g) = -4*g**3 + 12*g + 2 - 2 + 3*g**3 - 6*g**2. Let y be i(-8). Calculate the greatest common divisor of 352 and y.
32
Let r = 49 + -54. Let j(d) = -d**3 - 2*d**2 + 14*d + 11. Let c be j(r). What is the greatest common factor of c and 40?
8
Let o(v) = 7*v + 3. Let f be o(6). Let m = f - 34. Let s = -34 + 133. Calculate the highest common factor of m and s.
11
Let v be (-1)/((-3)/25) + 204/306. Calculate the highest common factor of v and 279.
9
Let y(p) = 961*p**3 + 3*p**2 + p - 5. Let o be y(1). Calculate the greatest common divisor of o and 360.
120
Let g(p) = -4*p**3 - 3*p - 4. Let i be g(-1). Suppose -r - 2 - 4 = 0. Let l be 10/(-4)*r*1. Calculate the highest common factor of i and l.
3
Let z(k) = k**3 - 8*k**2 + 7*k + 2. Let i be z(7). Let m = -29 + 30. Calculate the highest common factor of m and i.
1
Let n be 2/6 + (-4)/(-6). Suppose -7*b + 3*b + 48 = 0. Suppose g = -11*g + b. Calculate the highest common divisor of n and g.
1
Let f be 285/(-12) - 1/4. Let x be (-3 + 6)/(-1) - f. What is the greatest common factor of 21 and x?
21
Let p = -42 + 46. Let f be (-4)/(p/(-29)) - (-2)/(-2). What is the greatest common factor of 4 and f?
4
Suppose 0 = -4*c - 3*y + 213, -2*c + 3*c + 4*y = 37. Let n = c + -45. What is the highest common divisor of 132 and n?
12
Suppose -20*t - 4*t = -48. Calculate the greatest common factor of 164 and t.
2
Let m be 2 - 68/(-4) - -2. Let k(u) = u**3 + 12*u**2 - u + 9. Let h be k(-6). Calculate the greatest common divisor of h and m.
21
Let k(q) = 2*q**2 - q + 1. Let u = 0 + -2. Let h be k(u). Suppose -2*j - 5*r = -205, -4*r = -j - 2*r + 116. What is the greatest common divisor of h and j?
11
Suppose 0 = -5*o + 247 + 188. Suppose 0 = -0*h - 3*h + o. Suppose 5*c + 3*m - 1586 = 0, c - 2*m = -3*m + 316. What is the greatest common factor of h and c?
29
Let r = 453 - 318. Suppose 143 = 5*a - z + 18, z - r = -5*a. Suppose -2*u + 24 = -5*o, 4*o - a = -u + 12. Calculate the highest common divisor of 55 and u.
11
Let f(o) = -5*o + o - 9*o - 8 + 5*o. Let y(m) = -m**2 - 2*m + 4. Let b be y(-4). Let j be f(b). What is the greatest common factor of 16 and j?
8
Suppose n = 2*c + 14, 2*n - 3*c = -6*c - 7. Calculate the highest common divisor of n and 11.
1
Suppose -2*j + 8 = 4*h, 2*j + 3*h = 4*j - 8. Suppose x = 4*k + 51 + 3, -156 = -2*x - j*k. Let l = -2098 + 2112. Calculate the highest common factor of l and x.
14
Suppose -3*t + 11 - 239 = -3*u, -5*u - 3*t + 348 = 0. What is the highest common divisor of u and 18?
18
Suppose -16 = 2*x - 18*x. Suppose 0 = -p - 3*y + 14, -4*y + 20 = 2*p - 0*y. What is the greatest common divisor of x and p?
1
Let j(r) = r**3 - 6*r**2 + r - 6. Let d be j(6). Suppose d*q + 88 = q. Let t = -13 + 24. Calculate the greatest common factor of q and t.
11
Suppose -2*t = 5*m - 212 + 42, t = 0. What is the highest common factor of 272 and m?
34
Suppose -4*b + 27 + 13 = 0. Let y = b - 4. Suppose -4*x + 10 + y = 0. Calculate the highest common factor of x and 28.
4
Let h be (16 - 17) + 9/2*-2. Let y be -3*((-36)/135)/((-4)/h). Calculate the highest common divisor of y and 10.
2
Suppose 0 = 3*g + g - 204. Let a be 1/3 + 6/9*7. Suppose -3*l + 102 = d, 3*d - 70 - 100 = -a*l. Calculate the greatest common divisor of l and g.
17
Let z be (-10 - 0)/(1/(-34)). Suppose -6*a - 136 = -340. What is the greatest common divisor of z and a?
34
Let u = -16 + 28. Suppose -4*p + 18 = -7*p. Let x = 6 - p. What is the greatest common divisor of u and x?
12
Suppose 3*c + 37 + 29 = -3*p, 29 = -2*c + p. Suppose -4*y = -3*a + 244, -3*a + 6*a = -4*y - 244. Let v = c - y. Calculate the highest common factor of 66 and v.
22
Suppose 10*u = -2*u + 816. Calculate the highest common divisor of 68 and u.
68
Suppose 146 = 2*x - 23*w + 21*w, 2*w = -x + 88. Calculate the highest common factor of x and 494.
26
Let l be (10 - 9)/((-1)/2). Let m be (-77)/(-2) - 3/l. Suppose 0 = -0*j + j - 16. What is the greatest common factor of m and j?
8
Let y(f) = -f**3 - 6*f**2 + 44. Let t be y(-6). Calculate the greatest common factor of t and 99.
11
Let h(y) = -y**3 - 5*y**2 - 4*y + 18. Let l be h(-6). What is the greatest common factor of 24 and l?
6
Let b(f) = -f**2 - 14*f + 9. Let k be b(-10). Suppose -3*g + 5*t + k = 0, 0*g - g + 2*t + 15 = 0. Calculate the highest common divisor of 207 and g.
23
Suppose 8*q - 100 = 3*q. Suppose 4*l - 3 - 5 = 0. Suppose 2*b - 4*g = 3*b - 28, 0 = -l*b + g + 83. What is the highest common factor of b and q?
20
Let l = 218 - -187. Calculate the highest common factor of l and 30.
15
Let f(m) = 14*m - 2. Suppose -j = -6*p + p + 23, 0 = p + 4*j + 8. Let y be f(p). What is the greatest common factor of y and 6?
6
Let f be (-2)/(-13) + 1812/52. Suppose -3*l = -12, -5*l - f = -5*s - 10*l. Suppose s*h = -h + 8. Calculate the highest common factor of h and 12.
2
Let r(x) = x**3 + 5*x**2 - 8*x + 2. Let o be r(-6). Calculate the greatest common factor of o and 70.
14
Let r(k) = k + 7. Let g be r(-7). Suppose 2*q = 6 - g. Let x be 8/(-20) - (-137)/5. Calculate the highest common divisor of q and x.
3
Suppose -752*a = -757*a + 20. Let x = 3 - -1. Let r be (-28)/(-3) + x/6. Calculate the highest common factor of r and a.
2
Let q(d) = -8*d + 4. Suppose 0*g - 3*g - 30 = 0. Let i be (20/(-25))/((-2)/g). Let n be q(i). Calculate the greatest common divisor of 24 and n.
12
Let h(n) = n**3 + 7*n**2 - 11*n - 8. Let j be h(-8). Let v = 18 + j. Suppose p - 6 = q, 7*p - 3*p - v = -q. Calculate the greatest common divisor of p and 32.
8
Let h(t) = -t**3 - 20*t**2 - 21*t - 24. Suppose 2*b - 5*b = -2*v - 26, -68 = 4*v - 2*b. Let w be h(v). What is the greatest common divisor of w and 21?
7
Suppose 3*i - 9 + 24 = 0, -2*d = 3*i - 111. Suppose -4*z - 4*b + 24 = -0, 5*z - 39 = -2*b. What is the greatest common factor of d and z?
9
Suppose -3*x - 115 = -2*u + 19, -u + 45 = -x. Let o = x - -67. What is the highest common factor of 184 and o?
23
Let z be 0 + (-9)/(-4) - 2/8. Let g be ((-3)/1 - z - -3) + 50. Calculate the highest common factor of g and 24.
24
Let o = 1246 + -1234. What is the